d by 10.
8
Let f(n) = 3*n + 127. Calculate the remainder when 78 is divided by f(-28).
35
Calculate the remainder when (-1*507)/1*(-538)/807 is divided by 89.
71
Suppose 3*x = -3*f - 2*f + 566, -5*f + x = -558. Let i = 199 - f. Let u(r) = r**2 - 5*r - 2. What is the remainder when i is divided by u(-3)?
21
Let m(y) = y**3 + y**2 + 1. Let h(s) = -7*s**3 - 19*s**2 + 13*s - 35. Let i(d) = -h(d) - 6*m(d). What is the remainder when 59 is divided by i(-14)?
14
Let g = -1012 + 1653. What is the remainder when g is divided by 43?
39
Let o(q) = -q**3 - 5*q**2 + 7*q - 8. Let r = 24 + -31. Calculate the remainder when o(r) is divided by 11.
8
Suppose -147*y + 84286 - 10933 = 0. Calculate the remainder when y is divided by 20.
19
Calculate the remainder when 1026 is divided by (20 - 18)/(0 + 8/196).
46
Let m(y) = -4*y + 3. Let t be 1/((3/1)/90). Let u be (2/4)/((-3)/t). Calculate the remainder when m(u) is divided by 8.
7
Suppose 0 = 2*p + 4, -33*p + 32*p = 2*j - 202. What is the remainder when j is divided by 16?
6
Let u be (12 - 8) + (1 - 32). Let a = 93 + u. Calculate the remainder when a is divided by -1 + 2 + 16/1.
15
Let f(p) = 12*p + 79. Let g = 77 - 44. Calculate the remainder when g is divided by f(-6).
5
Let z = -92 + 193. Let g = -8 + z. Calculate the remainder when g is divided by 32.
29
Suppose 4*d + r - 3 = 5*d, 0 = r - 5. Suppose d*z - 24 = -4*z. What is the remainder when 45 is divided by -2 - 1 - -17 - z?
5
Suppose 0 = 4*j - l - 65, 0 = -2*j + l + l + 28. Let i(y) = y**3 + y - 71. Let b be i(0). Let z = b - -102. What is the remainder when z is divided by j?
14
Let c(a) = -14 - 3*a + 46 + 3. Suppose 2*n - 125 = l, -3*n + 0*l + l = -190. Calculate the remainder when n is divided by c(6).
14
Let s(o) = -5*o - 1. Let t be s(-1). Suppose 0 = 3*u - 15, 4*x = -t*u - 1 + 61. Calculate the remainder when (17 - (-2 + 1)) + 1 is divided by x.
9
Let q(d) = d**3 + 2*d + 11. Let x be 4 + (-3)/((-15)/(-20)). Calculate the remainder when 54 is divided by q(x).
10
Let p(u) = -u**3 + 24*u**2 + 80*u + 51. Suppose 2*m = -2*d + 4 + 10, m = -2*d + 6. Calculate the remainder when p(27) is divided by (45/20)/(2/m).
6
Let w = 79 - 66. What is the remainder when 41 is divided by w?
2
Suppose 53*v - 1184 = 406. Let u = -107 - -163. What is the remainder when u is divided by v?
26
Suppose -4*b - 4*a - 326 = -6*a, 4*b = 5*a - 311. Let o = b - -90. Let u(v) = -8*v - 1. Calculate the remainder when u(-2) is divided by o.
3
Let m = -185 + 211. Calculate the remainder when m is divided by 9.
8
Let k be (-145)/15 - 6/(-9). Let s = 3 - k. What is the remainder when 35 is divided by s?
11
Let x(n) = n**3 + 16*n**2 + 12*n - 14. Calculate the remainder when 109 is divided by x(-15).
16
Suppose 10*t = 5*t + 130. Suppose -8*n = -6*n - t. Calculate the remainder when 52 + 4*(-1 + 0) is divided by n.
9
Let p = 202 + -108. Calculate the remainder when p is divided by 87.
7
Let a = -854 - -858. What is the remainder when 40 is divided by a?
0
Let p(r) = 12*r**2 - 3*r + 31. Calculate the remainder when p(3) is divided by 121.
9
Suppose -4*i - 4 = -d - 57, 5*d = -2*i + 43. What is the remainder when 7/(2 - i/8) is divided by 8?
4
Let s(x) = -4*x**2 - 29*x + 2. Suppose 3*r + 24 = -4*l - 17, 31 = -3*r - 2*l. Calculate the remainder when 15 is divided by s(r).
6
Suppose -2*i - z - 1 + 7 = 0, 4*i - 18 = z. What is the remainder when 23 is divided by 15/(-20) - -1 - (-23)/i?
5
Let o = -852 - -1010. What is the remainder when o is divided by 20?
18
Let b(g) = -2*g - g**3 - 10*g**2 + 4*g**2 - 8 + 3*g**2 + 6*g. Calculate the remainder when 63 is divided by b(-5).
19
Let t = -117 - -232. What is the remainder when t is divided by 40?
35
Let l be (47 + 1)*3/6. Calculate the remainder when l + -8*1/(-2) is divided by 6.
4
Let a be 4/(-14) + 390/42. Suppose a*n - 15 = 21. What is the remainder when 9 is divided by n?
1
Suppose 12*n - 2777 = 631. What is the remainder when n is divided by 50?
34
Let d = -423 - -439. Calculate the remainder when 104 is divided by d.
8
Calculate the remainder when 176 is divided by 24/(-108) + 620/36.
6
Let j = 26 + -19. Suppose -2*y + 1560 = -j*y. Let a = -159 - y. What is the remainder when a is divided by 39?
36
Suppose 20 + 2044 = 12*z. Calculate the remainder when z is divided by 167.
5
Let o(j) = -j - 1. Let m be (-76)/(-10) - (-8)/20. Calculate the remainder when (m/20)/(1/35) is divided by o(-9).
6
Let s be 2/6 - ((-455)/21 - 4). Suppose -183*g = -184*g + s. What is the remainder when 67 is divided by g?
15
Suppose -l + 1 + 3 = 0. Suppose -z + 10 = z - 5*p, 0 = l*z + 3*p - 20. What is the remainder when 6 is divided by z?
1
Let v(m) = m**3 + 19*m**2 + 64*m - 1. Calculate the remainder when 89 is divided by v(-6).
6
Suppose -5*u - 2*y = 19, -2*u - u - 2*y = 9. Let p be u/10 + 10/4. Calculate the remainder when ((-9)/p + 3)*-2 is divided by 1.
0
Let g = -56 - -85. Let c = -20 + g. What is the remainder when 1 + -1 + 17 - 2 is divided by c?
6
Suppose 2*a = -2*u - 0*u + 306, -2*u - 4*a + 296 = 0. What is the remainder when u is divided by 23?
20
Let q(k) = k**2 - 11*k - 2. Let c be q(11). Calculate the remainder when 8 is divided by (9/c)/(24/(-32)).
2
Let l(c) = 2*c**2 + 3*c - 2. Suppose 2*y + m = 1, -3*m - 3 = 3*y - 0*y. Let x = -100 - -134. Calculate the remainder when x is divided by l(y).
10
What is the remainder when (-3)/6 - 3432/(-48) is divided by 62?
9
Suppose 4*w + 4*o = 3824, 519 + 1393 = 2*w + 4*o. What is the remainder when w is divided by 32?
28
Suppose n = 3*f - 1099, f + n = 226 + 139. Calculate the remainder when f is divided by 74.
70
Let b(f) = -4*f + 7. Let q(a) = 3*a - 8. Let z(i) = 2*b(i) + 3*q(i). Let g be z(5). What is the remainder when 0/(g - -1) + 21 is divided by 6?
3
Let r be 4/(-1) + -71*2. Let q = -67 - r. Calculate the remainder when q is divided by 1/(-2) + 82/4.
19
Let a(y) = 15*y**3 + y**2 - 2*y + 1. Suppose -3*h = -2*r + 89, -2*h - 36 = -4*r + 138. Let i = r + 14. Calculate the remainder when i is divided by a(1).
12
Suppose 52 = 6*v - 4*v. What is the remainder when 51 is divided by v?
25
Let i(p) be the second derivative of p**4/12 - 2*p**3/3 - 9*p**2 - 23*p. What is the remainder when 55 is divided by i(-4)?
13
Suppose -4*f = 18*b - 21*b + 2059, -f + 1369 = 2*b. What is the remainder when b is divided by 98?
97
Suppose 3*n = 30*n - 108. What is the remainder when 8 is divided by n?
0
Let t(k) = k**2 + 4. Let f(j) = -j**3 + 15*j**2 + 54*j + 36. Calculate the remainder when f(18) is divided by t(3).
10
Suppose 15*i + 4384 = 31*i. What is the remainder when i is divided by 71?
61
Let n(m) = 27*m - 6. Calculate the remainder when 79 is divided by n(2).
31
Let c(j) = j**3 + 8*j**2 - 8*j + 12. What is the remainder when c(-8) is divided by 31?
14
Let d(v) = v - 3. Let a be d(-3). Let z = -4 - a. Let j = 51 - z. What is the remainder when j is divided by 25?
24
Suppose 0 = -5*i + 3*o + 30, -16 + 54 = 2*i + 4*o. Calculate the remainder when 39 is divided by i.
3
Suppose -l - 88 = -2*l. Suppose 0 = 3*h + h - l. Let z = h + -16. Calculate the remainder when 15 is divided by z.
3
Suppose 0 = -4*p - 5*m + 356, 2*p + 106 = 3*p - 3*m. What is the remainder when 360 is divided by p?
78
Suppose -j = 4*w - 7, -w - j + 4*j + 18 = 0. Suppose -s - 3*s + 52 = -w*v, 2*v = -s - 20. Let h = v + 16. Calculate the remainder when 19 is divided by h.
3
Suppose 42 = -9*c + 123. What is the remainder when 43 is divided by c?
7
Let t(z) = z**2 + 5*z + 1. Let m = -36 + 39. Calculate the remainder when 70 is divided by t(m).
20
Let l = -320 + 314. Let o(r) = r**2 + 16*r + 8. Let n(x) = x**2 + 15*x + 9. Let h(k) = -5*n(k) + 4*o(k). What is the remainder when 31 is divided by h(l)?
14
Suppose -b = 4*n - 18, 72 = 6*b - 2*b - 2*n. Let m = 13106 + -13058. What is the remainder when m is divided by b?
12
Let r(y) = y**3 - 3*y + 3. Let z be r(3). Calculate the remainder when 3*z + (-1 + 3 - 4) is divided by 16.
13
Suppose -3*j - 2*j + 3*q = 15, -4*q = j - 20. Let l(i) = i**2 - 3*i + 12. Calculate the remainder when l(j) is divided by 8.
4
What is the remainder when 120 is divided by (-4)/10*(-1325)/106 + 22?
12
Let h(d) be the second derivative of 13*d**3/3 - 5*d**2/2 + 10*d. Calculate the remainder when 100 is divided by h(1).
16
Let x = -9 + 13. Let p(